be x(14). Suppose -6*d = -v*d - 27. Let i = 32 - d. What is the tens digit of i?
2
Suppose 11*h - 9988 = 11242. What is the thousands digit of h?
1
Suppose -4*n = -20*p + 19*p - 13862, 2*n - 6942 = -5*p. What is the hundreds digit of n?
4
Let r(l) be the first derivative of -l**4/4 + 10*l**3/3 - 2*l**2 + 19*l - 11. What is the units digit of r(8)?
5
Suppose 7 - 3 = -2*f. Let b be 7 + -1 + (-3 - f). What is the units digit of (-6 + 2)/((-1)/b)?
0
Let r(a) = -2*a**2 + 6*a + 6. Let l be r(7). Let n(u) = -u - 8. Let j be n(-7). What is the units digit of l/(-3)*(2 - j)?
0
Let j be (-6)/21 - (-1314)/42. Let b = j + 34. Let u = -5 + b. What is the units digit of u?
0
Suppose 3*v = -2*z - 18, 2*z = -2*z - 5*v - 34. Let s(y) be the second derivative of -y**5/20 - 5*y**4/12 + y**3 + 2*y**2 - y. What is the units digit of s(z)?
4
Suppose -4*v + 3*v = 0. Suppose v = -k - 5 + 8. Suppose -4 = -h - k*h, 107 = 3*w + 2*h. What is the units digit of w?
5
Let s(h) = -13*h + 111. What is the units digit of s(-15)?
6
Let d(r) be the third derivative of r**5/30 - r**4/24 + r**2. Let t(f) = f**3 - 14*f**2 - 75*f + 58. Let c be t(18). What is the tens digit of d(c)?
2
Let y(m) = -m**2 - 9*m - 3. Let d be y(-11). Let r = d + 23. What is the units digit of r + 1 + 3 - -2?
4
Suppose -5*g + 2672 - 701 = -m, 5*g - 4*m - 1959 = 0. What is the hundreds digit of g?
3
Let d = 31 + -31. Suppose 0*f + 2*f - 18 = d. What is the units digit of f?
9
Suppose 0 = j - 4*s - 514, 12*j + s + 1007 = 14*j. What is the tens digit of j?
0
Suppose 0 = 7*r - 2 - 12. Suppose -r*n - 2*v + 62 = 0, v = -3*n - 0*v + 87. What is the tens digit of n?
2
Suppose 0 = -74*f - 14585 + 65719. What is the units digit of f?
1
Suppose -2*i + 4*i = 2*d - 1678, -4*d + i = -3365. What is the hundreds digit of d?
8
Let c be (-9)/(-6)*(-1 - 1). Let p = c + 7. Let r = p - -8. What is the tens digit of r?
1
Let z(q) = q**2 + 9*q + 9. Let a(t) = t**3 + t**2 + t. Let o be a(-2). Let x be z(o). What is the units digit of ((-3)/x)/(1/18)?
6
Suppose 0*m = 2*m - 8. Suppose -2*v - v + 2 = 2*a, m*v + 8 = 0. What is the units digit of a?
4
Let l(q) = -q**3 - 15*q**2 - 90*q - 8. What is the hundreds digit of l(-8)?
2
Let q be 1*(2 - ((-2 - -2) + -5)). Suppose 0 = -q*f + 11*f - 216. What is the units digit of f?
4
Suppose 0 = -2*g + 496 + 36. What is the units digit of g?
6
Let n = 231 + 64. Let c = n + -150. What is the tens digit of c?
4
Let t(u) = u**2 - 7*u + 9. Let q(o) = -6*o - 5. Let k be q(-2). Let j be t(k). What is the tens digit of (-130)/(-39)*j/1?
3
Suppose 2887 = 15*u - 173. Let g = 128 + u. What is the hundreds digit of g?
3
Suppose -j + 5*b - 41 = 59, 5*b + 5 = 0. Let p = 320 - 157. Let w = j + p. What is the units digit of w?
8
Suppose -k = -c, -c + 0*c - 3*k = -4. What is the hundreds digit of ((8/(-12))/c)/((-2)/501)?
1
Let p = -2802 + 4224. What is the units digit of p?
2
Let o = -134 + 1813. What is the units digit of o?
9
Let s(x) = 3*x**2 + 9*x - 31. What is the hundreds digit of s(12)?
5
Let u(f) = -4*f + 43. Let g be u(10). Suppose -c + 2*c = 2*y - 34, 5*y - g*c = 85. What is the tens digit of y?
1
Suppose 0 = 4*x + 22 + 14. Let b = 7 + x. What is the units digit of (1 + 53)*(-1)/b?
7
Suppose 7*r = 121 + 2343. What is the units digit of r?
2
Let a(n) = -n**3 - 8*n**2 - 9*n - 10. What is the units digit of a(-9)?
2
Let s be 2/(-7) + (-107)/(-7). Let i = s + -11. Suppose 0 = i*c + 2*j - 18, 6*j - 2*j = 2*c - 24. What is the units digit of c?
6
Let n(m) = -m**3 + 5*m**2 - 4*m + 3. Let k be n(4). Suppose -h + s = -20, h - k*h + 28 = s. Let w = h - 9. What is the units digit of w?
7
Let h(c) = -c + 66. Let r be h(0). Suppose -4*q - 4*j = -260, 0 = 4*q - 4*j - 210 - r. What is the tens digit of q?
6
Let o(g) = g**2 - 12*g - 1. Let i be o(11). Let p be (i - 0)/4 + 14. Let u = 52 - p. What is the units digit of u?
1
Let n = 3753 + -2549. What is the tens digit of n?
0
Let i be ((-45)/27)/(5/(-6)). Suppose 0 = 2*x + 2, 3*x - 353 = -i*u. What is the units digit of u?
8
Suppose -4960 = -5*p + x + 5777, 4*p - 8582 = -3*x. What is the units digit of p?
7
Let j(c) = -9*c + 261. What is the hundreds digit of j(-5)?
3
Let a be 4/(-30) + (-141)/(-45). Suppose -b - 341 = -a*w, 547 - 203 = 3*w + 2*b. Suppose k - 7*k + w = 0. What is the units digit of k?
9
Let a = -4508 + 7027. What is the thousands digit of a?
2
Let b(w) = w**3 + 10*w**2 + 9*w + 5. Let q be b(-9). Suppose -2*o = 3*h - 399, -2*o - 668 = -q*h + 13. What is the tens digit of h?
3
Let m(s) = s**3 + 12*s**2 - s - 12. Let n be m(-12). Suppose 3*y - 2*y - 28 = n. What is the tens digit of y?
2
Suppose 0 = 3*g + 5*b - 203, b + 165 = 5*g - 220. Suppose 5*d - 8 = 3*d. Suppose -3*i + 2*q = -40, -2*q = d*i + q - g. What is the units digit of i?
6
Suppose -16*d = -3035 - 6517. What is the tens digit of d?
9
Let z(i) = -9*i + 14. Let o be z(4). Let b = 32 - o. What is the tens digit of b?
5
Let z be (-27)/5 - 24/40. What is the units digit of (-796)/z + 0 - (-4)/12?
3
Suppose 5*a = -3*k + 2116, 3540 = 5*k - 24*a + 19*a. What is the units digit of k?
7
Let d(v) = -4*v**3 - v - 1. Let k be d(-1). Suppose -3*w + 145 = 2*x - 485, 0 = -k*w - 2*x + 840. What is the tens digit of w?
1
Let z(v) = 4*v - 28. Let t be z(7). Suppose -f - 21 + 116 = t. What is the units digit of f?
5
Suppose -3*q + q + 2*y = 2, 5*q + 4*y = 4. Suppose q = 2*b - 115 - 53. What is the tens digit of b?
8
Suppose -4*y = 0, -5*y = 31*l - 28*l - 207. What is the tens digit of l?
6
Let r(k) be the first derivative of k**4/12 + 2*k**3/3 - k**2/2 - k + 1. Let z(j) be the first derivative of r(j). What is the units digit of z(-10)?
9
Suppose h = 3*b - 1, 0 = b - 5*h + 73 - 92. Let s(d) = -4*d + 6*d - d**2 - 51*d**3 - 3*d. What is the tens digit of s(b)?
5
Let c be (26/(-78))/(2/(1 + -655)). Let r = c + -72. What is the units digit of r?
7
Suppose 20*j = 12*j + 9624. What is the hundreds digit of j?
2
Suppose l + 2 = 4. Suppose -l*s - 1 = -9. Suppose -c - s*c + 145 = 0. What is the units digit of c?
9
Suppose 0 = -10*g + 32787 + 4343. What is the hundreds digit of g?
7
Suppose 2*b + z = 2736, -4*b + 5472 = -3*z + 2*z. What is the thousands digit of b?
1
Let d be (4 + -1 + -2)*-19. Let n = -59 + 93. Let j = n + d. What is the units digit of j?
5
Let u = 24 - 50. What is the units digit of (-134)/(-10) + u/65?
3
Let a(c) = c**2 - 4*c - 2. Let x be -4 + 228/54 + (-357)/27. What is the units digit of a(x)?
9
Let l(q) = 38*q + 81. What is the hundreds digit of l(6)?
3
What is the thousands digit of ((-15)/2)/(8 + 134497/(-16808))?
3
Let r(c) = 7*c**2 - 39*c - 1. What is the tens digit of r(9)?
1
Suppose 37 = -4*p - 5*l, 0*p = 5*p - l + 68. Let w = p + 33. Suppose 17*b + 18 = w*b. What is the units digit of b?
6
Let b be 5 - 1 - (-3)/(3/3). Suppose 198 = b*l - l. What is the units digit of l?
3
Suppose 27*h - 17205 = 3315. What is the units digit of h?
0
Suppose 2*v = 11*v - 6516. What is the units digit of v?
4
Suppose 4*f + 10947 = 5*u, 6*u + 10959 = 11*u + 2*f. What is the units digit of u?
1
Suppose -4*p - x = -64, 5*x - 11 = 9. Suppose 7 = -2*n + p, -2*n = 2*l - 240. What is the tens digit of l?
1
Let y = 2263 + -1609. What is the tens digit of y?
5
Let n = -450 + 831. What is the hundreds digit of n?
3
Let t = 2 - 2. Suppose -3*c = o + 78, t = c - 2*c - 4*o - 37. What is the units digit of c/(-2) + 2/4?
3
Suppose 0 = 47*s - 49*s + 10. Suppose -q = 3*b + 2*b - 745, 0 = s*q. What is the units digit of b?
9
Suppose 0 = 2*t - 10, 2*t = k - 6*k + 25. Suppose 0*g + 2*g = 3*m - 9, 5*g - 10 = m. Suppose -w = k*z - 158, -m*z - w + 168 = -94. What is the tens digit of z?
5
Suppose 5*b = 2*g - 6*g - 1, -3*g = b - 13. Let x be 4/((-5)/(10/(-4))). Let n = x + g. What is the units digit of n?
8
Suppose 4*r + 20 = -4*y, -4*r = 3*y - y + 6. Let i be -1 + (-3 - y) - -48. Suppose -i - 33 = -4*d. What is the tens digit of d?
2
Suppose 5*x + 129 = -m + 5*m, -m = -5*x - 126. Let h = x - -62. What is the units digit of h?
7
Let j(q) = 3*q. Let p be j(1). Suppose 0 = c - p*r, 4 = 2*r + 2. What is the tens digit of (c + (19 - -1))*1?
2
Let l = 1663 - 894. What is the hundreds digit of l?
7
Suppose o + 5 = 5*b - 4, -2*b + 2*o = -2. Suppose n - 2*n + 17 = -5*u, -2*n + 2*u = 6. What is the tens digit of 40/b + 10 + n?
2
Let l 